[INFO] cloning repository https://github.com/andjo403/Tracelogging
[INFO] running `Command { std: "git" "-c" "credential.helper=" "-c" "credential.helper=/workspace/cargo-home/bin/git-credential-null" "clone" "--bare" "https://github.com/andjo403/Tracelogging" "/workspace/cache/git-repos/https%3A%2F%2Fgithub.com%2Fandjo403%2FTracelogging", kill_on_drop: false }`
[INFO] [stderr] Cloning into bare repository '/workspace/cache/git-repos/https%3A%2F%2Fgithub.com%2Fandjo403%2FTracelogging'...
[INFO] running `Command { std: "git" "rev-parse" "HEAD", kill_on_drop: false }`
[INFO] [stdout] a27f98739cc962a77c7d89501494622e6466dc15
[INFO] checking andjo403/Tracelogging against master#e6e4f7ed1589e03bc2f6c5931c1a72e7947e8682 for beta-170-4
[INFO] running `Command { std: "git" "clone" "/workspace/cache/git-repos/https%3A%2F%2Fgithub.com%2Fandjo403%2FTracelogging" "/workspace/builds/worker-4-tc2/source", kill_on_drop: false }`
[INFO] [stderr] Cloning into '/workspace/builds/worker-4-tc2/source'...
[INFO] [stderr] done.
[INFO] validating manifest of git repo https://github.com/andjo403/Tracelogging on toolchain e6e4f7ed1589e03bc2f6c5931c1a72e7947e8682
[INFO] running `Command { std: CARGO_HOME="/workspace/cargo-home" RUSTUP_HOME="/workspace/rustup-home" "/workspace/cargo-home/bin/cargo" "+e6e4f7ed1589e03bc2f6c5931c1a72e7947e8682" "metadata" "--manifest-path" "Cargo.toml" "--no-deps", kill_on_drop: false }`
[INFO] started tweaking git repo https://github.com/andjo403/Tracelogging
[INFO] finished tweaking git repo https://github.com/andjo403/Tracelogging
[INFO] tweaked toml for git repo https://github.com/andjo403/Tracelogging written to /workspace/builds/worker-4-tc2/source/Cargo.toml
[INFO] crate git repo https://github.com/andjo403/Tracelogging already has a lockfile, it will not be regenerated
[INFO] running `Command { std: CARGO_HOME="/workspace/cargo-home" RUSTUP_HOME="/workspace/rustup-home" "/workspace/cargo-home/bin/cargo" "+e6e4f7ed1589e03bc2f6c5931c1a72e7947e8682" "fetch" "--manifest-path" "Cargo.toml", kill_on_drop: false }`
[INFO] running `Command { std: "docker" "create" "-v" "/var/lib/crater-agent-workspace/builds/worker-4-tc2/target:/opt/rustwide/target:rw,Z" "-v" "/var/lib/crater-agent-workspace/builds/worker-4-tc2/source:/opt/rustwide/workdir:ro,Z" "-v" "/var/lib/crater-agent-workspace/cargo-home:/opt/rustwide/cargo-home:ro,Z" "-v" "/var/lib/crater-agent-workspace/rustup-home:/opt/rustwide/rustup-home:ro,Z" "-e" "SOURCE_DIR=/opt/rustwide/workdir" "-e" "CARGO_TARGET_DIR=/opt/rustwide/target" "-e" "CARGO_HOME=/opt/rustwide/cargo-home" "-e" "RUSTUP_HOME=/opt/rustwide/rustup-home" "-w" "/opt/rustwide/workdir" "-m" "1610612736" "--user" "0:0" "--network" "none" "ghcr.io/rust-lang/crates-build-env/linux@sha256:19e73879b68f455e41552ea35293514db52ea292d993f571636dbffedb77a1ee" "/opt/rustwide/cargo-home/bin/cargo" "+e6e4f7ed1589e03bc2f6c5931c1a72e7947e8682" "metadata" "--no-deps" "--format-version=1", kill_on_drop: false }`
[INFO] [stdout] 7ab2bf45d2bf232017a5ce1ac5187df7eb8d4455e2fd3e2885268a2ad30fad0f
[INFO] running `Command { std: "docker" "start" "-a" "7ab2bf45d2bf232017a5ce1ac5187df7eb8d4455e2fd3e2885268a2ad30fad0f", kill_on_drop: false }`
[INFO] running `Command { std: "docker" "inspect" "7ab2bf45d2bf232017a5ce1ac5187df7eb8d4455e2fd3e2885268a2ad30fad0f", kill_on_drop: false }`
[INFO] running `Command { std: "docker" "rm" "-f" "7ab2bf45d2bf232017a5ce1ac5187df7eb8d4455e2fd3e2885268a2ad30fad0f", kill_on_drop: false }`
[INFO] [stdout] 7ab2bf45d2bf232017a5ce1ac5187df7eb8d4455e2fd3e2885268a2ad30fad0f
[INFO] running `Command { std: "docker" "create" "-v" "/var/lib/crater-agent-workspace/builds/worker-4-tc2/target:/opt/rustwide/target:rw,Z" "-v" "/var/lib/crater-agent-workspace/builds/worker-4-tc2/source:/opt/rustwide/workdir:ro,Z" "-v" "/var/lib/crater-agent-workspace/cargo-home:/opt/rustwide/cargo-home:ro,Z" "-v" "/var/lib/crater-agent-workspace/rustup-home:/opt/rustwide/rustup-home:ro,Z" "-e" "SOURCE_DIR=/opt/rustwide/workdir" "-e" "CARGO_TARGET_DIR=/opt/rustwide/target" "-e" "CARGO_INCREMENTAL=0" "-e" "RUST_BACKTRACE=full" "-e" "RUSTFLAGS=--cap-lints=forbid" "-e" "RUSTDOCFLAGS=--cap-lints=forbid" "-e" "CARGO_HOME=/opt/rustwide/cargo-home" "-e" "RUSTUP_HOME=/opt/rustwide/rustup-home" "-w" "/opt/rustwide/workdir" "-m" "1610612736" "--user" "0:0" "--network" "none" "ghcr.io/rust-lang/crates-build-env/linux@sha256:19e73879b68f455e41552ea35293514db52ea292d993f571636dbffedb77a1ee" "/opt/rustwide/cargo-home/bin/cargo" "+e6e4f7ed1589e03bc2f6c5931c1a72e7947e8682" "check" "--frozen" "--all" "--all-targets" "--message-format=json", kill_on_drop: false }`
[INFO] [stdout] f881f56a93156c54d87096c631ff4f31d539555da035aa5ed0656a9aeba1bbb9
[INFO] running `Command { std: "docker" "start" "-a" "f881f56a93156c54d87096c631ff4f31d539555da035aa5ed0656a9aeba1bbb9", kill_on_drop: false }`
[INFO] [stderr]     Checking tracelogging v0.1.0 (/opt/rustwide/workdir/tracelogging)
[INFO] [stdout] error: `$event:expr` may be followed by `$vars:ident`, which is not allowed for `expr` fragments
[INFO] [stdout]   --> tracelogging/src/internal_macros.rs:39:53
[INFO] [stdout]    |
[INFO] [stdout] 39 |     ( $handle:expr, $funk:ident $event:expr $(,)? $($vars:ident),* $(,)? ) => {{
[INFO] [stdout]    |                                                     ^^^^^^^^^^^ not allowed after `expr` fragments
[INFO] [stdout]    |
[INFO] [stdout]    = note: allowed there are: `=>`, `,` or `;`
[INFO] [stdout] 
[INFO] [stdout] 
[INFO] [stdout] error: `$exp:expr` may be followed by `$arg:ident`, which is not allowed for `expr` fragments
[INFO] [stdout]   --> tracelogging/src/lib.rs:48:52
[INFO] [stdout]    |
[INFO] [stdout] 48 |     ( $handle:expr, $name:expr , $exp:expr $(,)? $($arg:ident),* $(,)? ) => {
[INFO] [stdout]    |                                                    ^^^^^^^^^^ not allowed after `expr` fragments
[INFO] [stdout]    |
[INFO] [stdout]    = note: allowed there are: `=>`, `,` or `;`
[INFO] [stdout] 
[INFO] [stdout] 
[INFO] [stdout] error: `$exp:expr` may be followed by `$arg:ident`, which is not allowed for `expr` fragments
[INFO] [stdout]   --> tracelogging/src/lib.rs:60:52
[INFO] [stdout]    |
[INFO] [stdout] 60 |     ( $handle:expr, $name:expr , $exp:expr $(,)? $($arg:ident),* $(,)? ) => {
[INFO] [stdout]    |                                                    ^^^^^^^^^^ not allowed after `expr` fragments
[INFO] [stdout]    |
[INFO] [stdout]    = note: allowed there are: `=>`, `,` or `;`
[INFO] [stdout] 
[INFO] [stdout] 
[INFO] [stdout] error[E0433]: failed to resolve: use of undeclared crate or module `winapi`
[INFO] [stdout]  --> tracelogging/src/internal.rs:3:9
[INFO] [stdout]   |
[INFO] [stdout] 3 | pub use winapi::{
[INFO] [stdout]   |         ^^^^^^ use of undeclared crate or module `winapi`
[INFO] [stdout] 
[INFO] [stdout] 
[INFO] [stdout] error: `$event:expr` may be followed by `$vars:ident`, which is not allowed for `expr` fragments
[INFO] [stdout]   --> tracelogging/src/internal_macros.rs:39:53
[INFO] [stdout]    |
[INFO] [stdout] 39 |     ( $handle:expr, $funk:ident $event:expr $(,)? $($vars:ident),* $(,)? ) => {{
[INFO] [stdout]    |                                                     ^^^^^^^^^^^ not allowed after `expr` fragments
[INFO] [stdout]    |
[INFO] [stdout]    = note: allowed there are: `=>`, `,` or `;`
[INFO] [stdout] 
[INFO] [stdout] 
[INFO] [stdout] error: `$exp:expr` may be followed by `$arg:ident`, which is not allowed for `expr` fragments
[INFO] [stdout]   --> tracelogging/src/lib.rs:48:52
[INFO] [stdout]    |
[INFO] [stdout] 48 |     ( $handle:expr, $name:expr , $exp:expr $(,)? $($arg:ident),* $(,)? ) => {
[INFO] [stdout]    |                                                    ^^^^^^^^^^ not allowed after `expr` fragments
[INFO] [stdout]    |
[INFO] [stdout]    = note: allowed there are: `=>`, `,` or `;`
[INFO] [stdout] 
[INFO] [stdout] 
[INFO] [stdout] error: `$exp:expr` may be followed by `$arg:ident`, which is not allowed for `expr` fragments
[INFO] [stdout]   --> tracelogging/src/lib.rs:60:52
[INFO] [stdout]    |
[INFO] [stdout] 60 |     ( $handle:expr, $name:expr , $exp:expr $(,)? $($arg:ident),* $(,)? ) => {
[INFO] [stdout]    |                                                    ^^^^^^^^^^ not allowed after `expr` fragments
[INFO] [stdout]    |
[INFO] [stdout]    = note: allowed there are: `=>`, `,` or `;`
[INFO] [stdout] 
[INFO] [stdout] 
[INFO] [stdout] warning: the feature `const_raw_ptr_deref` has been stable since 1.58.0 and no longer requires an attribute to enable
[INFO] [stdout]  --> tracelogging/src/lib.rs:4:12
[INFO] [stdout]   |
[INFO] [stdout] 4 | #![feature(const_raw_ptr_deref)]
[INFO] [stdout]   |            ^^^^^^^^^^^^^^^^^^^
[INFO] [stdout]   |
[INFO] [stdout]   = note: `#[warn(stable_features)]` on by default
[INFO] [stdout] 
[INFO] [stdout] 
[INFO] [stdout] error[E0433]: failed to resolve: use of undeclared crate or module `winapi`
[INFO] [stdout]  --> tracelogging/src/internal.rs:3:9
[INFO] [stdout]   |
[INFO] [stdout] 3 | pub use winapi::{
[INFO] [stdout]   |         ^^^^^^ use of undeclared crate or module `winapi`
[INFO] [stdout] 
[INFO] [stdout] 
[INFO] [stdout] warning: the feature `const_slice_len` has been stable since 1.39.0 and no longer requires an attribute to enable
[INFO] [stdout]  --> tracelogging/src/lib.rs:2:12
[INFO] [stdout]   |
[INFO] [stdout] 2 | #![feature(const_slice_len)]
[INFO] [stdout]   |            ^^^^^^^^^^^^^^^
[INFO] [stdout] 
[INFO] [stdout] 
[INFO] [stdout] warning: the feature `const_str_len` has been stable since 1.39.0 and no longer requires an attribute to enable
[INFO] [stdout]  --> tracelogging/src/lib.rs:3:12
[INFO] [stdout]   |
[INFO] [stdout] 3 | #![feature(const_str_len)]
[INFO] [stdout]   |            ^^^^^^^^^^^^^
[INFO] [stdout] 
[INFO] [stdout] 
[INFO] [stdout] error[E0635]: unknown feature `const_str_as_bytes`
[INFO] [stdout]  --> tracelogging/src/lib.rs:1:12
[INFO] [stdout]   |
[INFO] [stdout] 1 | #![feature(const_str_as_bytes)]
[INFO] [stdout]   |            ^^^^^^^^^^^^^^^^^^
[INFO] [stdout] 
[INFO] [stdout] 
[INFO] [stdout] warning: the feature `const_raw_ptr_deref` has been stable since 1.58.0 and no longer requires an attribute to enable
[INFO] [stdout]  --> tracelogging/src/lib.rs:4:12
[INFO] [stdout]   |
[INFO] [stdout] 4 | #![feature(const_raw_ptr_deref)]
[INFO] [stdout]   |            ^^^^^^^^^^^^^^^^^^^
[INFO] [stdout]   |
[INFO] [stdout]   = note: `#[warn(stable_features)]` on by default
[INFO] [stdout] 
[INFO] [stdout] 
[INFO] [stdout] warning: the feature `const_slice_len` has been stable since 1.39.0 and no longer requires an attribute to enable
[INFO] [stdout]  --> tracelogging/src/lib.rs:2:12
[INFO] [stdout]   |
[INFO] [stdout] 2 | #![feature(const_slice_len)]
[INFO] [stdout]   |            ^^^^^^^^^^^^^^^
[INFO] [stdout] 
[INFO] [stdout] 
[INFO] [stdout] warning: the feature `const_str_len` has been stable since 1.39.0 and no longer requires an attribute to enable
[INFO] [stdout]  --> tracelogging/src/lib.rs:3:12
[INFO] [stdout]   |
[INFO] [stdout] 3 | #![feature(const_str_len)]
[INFO] [stdout]   |            ^^^^^^^^^^^^^
[INFO] [stdout] 
[INFO] [stdout] 
[INFO] [stdout] error[E0635]: unknown feature `const_str_as_bytes`
[INFO] [stdout]  --> tracelogging/src/lib.rs:1:12
[INFO] [stdout]   |
[INFO] [stdout] 1 | #![feature(const_str_as_bytes)]
[INFO] [stdout]   |            ^^^^^^^^^^^^^^^^^^
[INFO] [stdout] 
[INFO] [stdout] 
[INFO] [stdout] error: aborting due to 5 previous errors; 3 warnings emitted
[INFO] [stdout] 
[INFO] [stdout] 
[INFO] [stdout] Some errors have detailed explanations: E0433, E0635.
[INFO] [stdout] 
[INFO] [stdout] For more information about an error, try `rustc --explain E0433`.
[INFO] [stdout] 
[INFO] [stdout] error: aborting due to 5 previous errors; 3 warnings emitted
[INFO] [stdout] 
[INFO] [stdout] 
[INFO] [stdout] Some errors have detailed explanations: E0433, E0635.
[INFO] [stdout] 
[INFO] [stdout] For more information about an error, try `rustc --explain E0433`.
[INFO] [stdout] 
[INFO] [stderr] error: could not compile `tracelogging` (lib) due to 6 previous errors; 3 warnings emitted
[INFO] [stderr] warning: build failed, waiting for other jobs to finish...
[INFO] [stderr] error: could not compile `tracelogging` (lib test) due to 6 previous errors; 3 warnings emitted
[INFO] running `Command { std: "docker" "inspect" "f881f56a93156c54d87096c631ff4f31d539555da035aa5ed0656a9aeba1bbb9", kill_on_drop: false }`
[INFO] running `Command { std: "docker" "rm" "-f" "f881f56a93156c54d87096c631ff4f31d539555da035aa5ed0656a9aeba1bbb9", kill_on_drop: false }`
[INFO] [stdout] f881f56a93156c54d87096c631ff4f31d539555da035aa5ed0656a9aeba1bbb9
